s -1*(-4)/(-10) + (-591204)/(-60) a composite number?
True
Suppose 58*b - 28847 = 45*b. Is b prime?
False
Suppose -12 = -4*j, 4*b - 5*j + 27 = 2*b. Let a = 6 + b. Suppose a = -5*l + 27 + 718. Is l composite?
False
Let s = -16 + 22. Suppose -2316 = -s*b + 378. Is b composite?
False
Let a(r) = 69*r**2 + 9*r - 43. Is a(-10) composite?
True
Let n(b) = -269*b - 93. Is n(-28) composite?
True
Let w(f) be the third derivative of 4*f**5/15 - f**4/6 + 7*f**3/2 - 9*f**2. Is w(6) prime?
False
Let t(x) = 169*x**2 + 28. Is t(7) composite?
True
Let w = -628 - -2469. Is w prime?
False
Let o(i) = i**3 - 12*i**2 + 6*i + 20. Let n be o(10). Is ((-3)/1 - n) + -4 a composite number?
False
Let k(b) = 3*b**3 + 12*b**2 + 3*b - 11. Is k(6) composite?
False
Suppose 0 = 2*u + 5*p - 12, 5*p - p - 9 = -u. Suppose 2*r = 9 - u. Is r/16 - 1686/(-8) a prime number?
True
Let l be 3/(-5) - (-26772)/(-30). Let z = l + 2688. Is z composite?
True
Let f = -184 - -2663. Is f a composite number?
True
Let c(l) = 13*l**2 - 5*l + 79. Is c(14) prime?
True
Let b(d) = 45*d + 3593. Is b(0) prime?
True
Suppose 0 = 12*n - 109385 - 69307. Is n a composite number?
False
Let b(r) = 31*r**2 - 6*r - 4. Suppose 8 = 19*h + 65. Is b(h) a composite number?
False
Let y = 9 - 5. Suppose -18 = -4*b - 3*k, -5 = k - 7. Suppose 5*o - 255 = -z, -5*o + b*z + 259 = y. Is o a composite number?
True
Let j = -1076 - -1672. Suppose 3*m - j = -128. Suppose 990 = 2*k + m. Is k prime?
False
Suppose 5*j = -w + 3239, -10*j - 663 = -11*j - 4*w. Is j a prime number?
True
Let z(d) = -d**3 + d**2 + d - 1. Let r be (-4 + (3 - -1))/1. Let i be z(r). Is -47*(6 + -1)*i a composite number?
True
Suppose 7*j = 4*j - 79767. Let q = j + 41451. Is q/36 - (-2)/12 a composite number?
True
Suppose 14146 = p + k, 0 = -14*p + 11*p - 5*k + 42444. Is p a composite number?
False
Suppose -2*d + 3*d = 0. Suppose d = -f + 59 + 93. Suppose f = 5*p - 183. Is p prime?
True
Let g(b) = 41*b**2 + 2*b - 36. Is g(7) a prime number?
True
Is 15/(-40) + 315787/8 prime?
False
Is (-12 + 120055/39)*(3 - 0) composite?
False
Let b(a) = -48*a**3 - a**2 - 16*a - 81. Is b(-4) a composite number?
True
Let u(n) = 104*n + 379. Is u(8) composite?
True
Let h(c) = 1236*c + 299. Is h(15) composite?
False
Let b = -2532 + 4576. Let d be 14/4 + 2/(-4). Suppose -d*h - 2*h + b = -3*z, 0 = -h + 4*z + 419. Is h a prime number?
False
Let n(w) = 95*w**2 + 4*w - 25. Let h be (7 + -1)/((180/(-8))/(-15)). Is n(h) composite?
False
Let m(y) = -y**2 - 7*y + 6. Let w be m(-8). Let c be w + (-2 + 3 - 0). Is 20 - (1 - 3 - c) composite?
True
Suppose -3*h + h = 5*w - 37, -4*h - w + 101 = 0. Let f(t) = 34*t - 2 - 17*t + 1 + h*t. Is f(6) a composite number?
False
Let w(t) be the first derivative of 37*t**2 + t + 2. Let z = -12 + 14. Is w(z) a prime number?
True
Suppose 2*j = -j + 108. Let r be (171 - -1)*63/j. Is r + 0 + (-4 - -2) composite?
True
Let s = -117 - -122. Suppose 0*b - s*b = d - 2004, -5*b + 2008 = -3*d. Is b a prime number?
True
Let f be 4 - 2 - 1 - -11109. Is f/35 - (-3)/(-7) prime?
True
Let i(z) = -z**3 + 12*z**2 - z + 15. Let c be i(12). Suppose 0 = -5*j + 4*p - 28309, -3*j - j + c*p - 22647 = 0. Is j/(-39) + (-4)/26 composite?
True
Suppose -h - 1739 = -2*d - 4*h, -d + 5*h + 902 = 0. Is d prime?
True
Let d be -2*(-2)/(-14) + (-182208)/(-42). Let s = d - 1631. Is s composite?
False
Let g(k) be the first derivative of -4 + k + 35/2*k**2. Is g(2) prime?
True
Let n(l) = -35*l**3 + 6*l + 3. Let s be n(-4). Let w = -759 + 762. Suppose -w*p + 0*i = -i - 1333, s = 5*p - i. Is p a prime number?
True
Let x(a) = -17*a - 147*a + 1857*a. Is x(1) prime?
True
Suppose -2*r + 65079 = -45*a + 46*a, -4*r - a + 130153 = 0. Is r prime?
True
Let c = -2 - -6. Suppose -3*j + j = c*y - 38, 3*y - 33 = -2*j. Is ((-3)/2)/(j/(-3846)) composite?
False
Let v(h) = 1380*h - 27. Is v(4) a composite number?
True
Let n = 64 - 59. Suppose 0 = -4*l + 2 - 6, 2*l + 2 = -5*d. Suppose d = -5*q - o - 66 + 195, 0 = 5*q - n*o - 135. Is q composite?
True
Let d(i) = -i + 1. Let m be d(-3). Let x be (-2 + 4)*6/m. Suppose 0 = -x*y + 5*y - 38. Is y composite?
False
Suppose -36 = 9*c - 13*c. Let a = -11 + c. Is (a - (-7)/2)*46 composite?
True
Let b = -43021 - -166404. Is b composite?
True
Let r(k) = k**3 - 5*k**2 - 7*k + 4. Let c be r(6). Is 1263/(-2)*c*14/6 composite?
True
Suppose -4*k - 11 = 33. Let b(u) be the third derivative of u**5/10 + u**4/6 - 5*u**3/6 - 11*u**2. Is b(k) a composite number?
False
Let u(j) = 12*j + 118. Is u(5) a prime number?
False
Let b = 3329 - 2302. Is b a composite number?
True
Suppose 3*l = -4*d + 3*d + 41, 4*d - 134 = -2*l. Let t = 66 - d. Is t a composite number?
True
Let w = -47 + 67. Let v be 128/w - (-3)/5. Suppose -3*k - 28 = -v*k. Is k a composite number?
False
Let s(v) = v**3 - 7*v**2 + 6*v + 1. Let h be s(6). Let d(j) = j + 1. Let p(i) = 21*i + 18. Let w(c) = h*p(c) - 6*d(c). Is w(11) prime?
False
Is (-21)/84 - 106618/(-8) a composite number?
False
Let x(h) = 4648*h + 27. Is x(8) a composite number?
True
Suppose 10*v + 2431 = 8331. Let b = v + -376. Is b a composite number?
True
Let d(i) = i**2 - 8*i - 2. Let j be d(9). Suppose j*h = 6*h + 70. Suppose w + 107 = 3*t, 0 = -2*t + 2*w - 4 + h. Is t prime?
True
Suppose 0*k - 4*k + 8 = 0. Suppose k*a = -8, 5*n = -0*n + 2*a + 3993. Is n prime?
True
Let u = -11556 - -17069. Is u a prime number?
False
Let y(d) = 18*d**2 + 7*d - 9. Let w be 31/(-4) - (1 - -2)/12. Is y(w) prime?
True
Let y = 63 - 64. Let l(k) = 253*k**2 + k - 1. Is l(y) prime?
True
Let t(j) = -13*j**3 - 3*j**2 - j + 4. Let o(d) = 2*d + 13. Let p be o(-8). Is t(p) a composite number?
False
Let u be 1/((-11)/(-5) - 2). Suppose 3*g + 2*g = -5, -1891 = -4*n - u*g. Suppose -3*p + n = p - i, 0 = 5*p - 3*i - 589. Is p composite?
True
Suppose 4 = 2*b - 6. Suppose -6*g + g = -3*d - 421, -5*g + b*d = -425. Is g prime?
True
Suppose k = -4*x + 12 + 222, 0 = -k - 2. Let o = x + 128. Is o prime?
False
Suppose 5*o = 9513 + 1172. Suppose 0 = -5*u + o + 3598. Is u prime?
False
Suppose -3*g - p = -3999, -3*g + 5*g - 3*p - 2677 = 0. Let n = g + -777. Is n a composite number?
False
Let l(a) = 14*a**2 + 55*a + 54. Let u(f) = 5*f**2 + 18*f + 18. Let k(w) = 3*l(w) - 8*u(w). Is k(-13) composite?
False
Let j(t) = 4*t**3 + 7*t**2 - 5*t + 29. Is j(6) composite?
True
Let n be (-4 + (-1964)/10)*-10. Suppose n = 5*a - 1646. Suppose 0 = -3*h + 4*l + 409, -h - 3*l = 4*h - a. Is h prime?
False
Let h(g) = g. Let v be h(2). Suppose 2*u = 5*s + 402, 69 = v*u + 3*s - 365. Is u a prime number?
True
Let f = -7 - -10. Suppose f*k - 1158 = k. Is k composite?
True
Suppose -2*x - x + 38685 = 0. Suppose 0 = 22*o - 27*o + x. Is o prime?
True
Let r be 0 + 12229/(-5) + (-46)/230. Let p = 925 - r. Is p prime?
True
Suppose -92*l = -85*l - 113743. Is l composite?
False
Suppose 0 = 3*q + x + 48 + 30, 2*x = q + 26. Let k = q - -45. Is k composite?
False
Let f(z) = 6*z**2 + 4. Let x(y) = y**2 + 16*y - 9. Let o be x(-15). Let k = 31 + o. Is f(k) a prime number?
False
Suppose 2146*p - 2131*p = 397185. Is p a prime number?
True
Let t(j) = -70*j + 2 - 12 + 85*j. Let c be t(-5). Let w = 24 - c. Is w a composite number?
False
Let x = 32 + -20. Suppose 8*j + 3804 = x*j. Is j prime?
False
Let w = -8442 + 14911. Is w a prime number?
True
Let w(x) = 1206*x + 655. Is w(12) a composite number?
True
Let x = 746 - 530. Let j(a) = 86*a - 247. Let b be j(6). Suppose 3*w + 3*n - x = 2*n, 4*w - 5*n = b. Is w composite?
False
Let b = -9 + 11. Suppose -p - 263 = -4*i - 0*p, -b*p = 4*i - 278. Is i composite?
False
Suppose -16*t + 13*t = -6. Let p(h) = 84*h**3 + h**2 - h - 1. Is p(t) prime?
True
Let g be (-4)/(-22) - 265/(-55). Suppose 3*h - 461 = g*m, -9*h - 2*m = -4*h - 789. Is h prime?
True
Suppose -24*p - 24 = -30*p. Is (-58*2/8)/(p/(-56)) composite?
True
Let p(n) = 2*n - 5. Let a be p(1). Let o(x) = -555*x - 14. Is o(a) a composite number?
True
Let h(n) = 17 + 3*n**2 + 5*n + 4*n + 10*n. Is h(-12) prime?
False
Suppose -296952 = -159*v + 151*v. Is v composite?
True
Suppose -5*w - 4*p - 114 = 0, w + p - 43 = 3*w. Let o be ((-11)/w)/((-2)/(-632)). Let s = o - 93. Is s composite?
True
Suppose 4*j = -4*m + 42972, 7*m + j = 9*m - 21498. Is m prime?
False
Suppose -4*r - 2*r = 1578. Let n = -100 - r. Is n composite?
False
Let z be (-5)/(20/24) - (-2)/1.